{"version":"1.0","provider_name":"academiacatolica.com | Hacia la contemplaci\u00f3n de la verdad","provider_url":"https:\/\/academiacatolica.com","author_name":"academiacatolica.com","author_url":"https:\/\/academiacatolica.com\/index.php\/author\/academiacatolica-com\/","title":"Breve reflexi\u00f3n sobre mi\u00e9rcoles de ceniza 2024 - academiacatolica.com | Hacia la contemplaci\u00f3n de la verdad","type":"rich","width":600,"height":338,"html":"<blockquote class=\"wp-embedded-content\" data-secret=\"ZQ64Rd3zsg\"><a href=\"https:\/\/academiacatolica.com\/index.php\/2024\/03\/07\/breve-reflexion-sobre-miercoles-de-ceniza-2024\/\">Breve reflexi\u00f3n sobre mi\u00e9rcoles de ceniza 2024<\/a><\/blockquote><iframe sandbox=\"allow-scripts\" security=\"restricted\" src=\"https:\/\/academiacatolica.com\/index.php\/2024\/03\/07\/breve-reflexion-sobre-miercoles-de-ceniza-2024\/embed\/#?secret=ZQ64Rd3zsg\" width=\"600\" height=\"338\" title=\"\u00abBreve reflexi\u00f3n sobre mi\u00e9rcoles de ceniza 2024\u00bb \u2014 academiacatolica.com | Hacia la contemplaci\u00f3n de la verdad\" data-secret=\"ZQ64Rd3zsg\" frameborder=\"0\" marginwidth=\"0\" marginheight=\"0\" scrolling=\"no\" class=\"wp-embedded-content\"><\/iframe><script type=\"text\/javascript\">\n\/* <![CDATA[ *\/\n\/*! This file is auto-generated *\/\n!function(d,l){\"use strict\";l.querySelector&&d.addEventListener&&\"undefined\"!=typeof URL&&(d.wp=d.wp||{},d.wp.receiveEmbedMessage||(d.wp.receiveEmbedMessage=function(e){var t=e.data;if((t||t.secret||t.message||t.value)&&!\/[^a-zA-Z0-9]\/.test(t.secret)){for(var s,r,n,a=l.querySelectorAll('iframe[data-secret=\"'+t.secret+'\"]'),o=l.querySelectorAll('blockquote[data-secret=\"'+t.secret+'\"]'),c=new RegExp(\"^https?:$\",\"i\"),i=0;i<o.length;i++)o[i].style.display=\"none\";for(i=0;i<a.length;i++)s=a[i],e.source===s.contentWindow&&(s.removeAttribute(\"style\"),\"height\"===t.message?(1e3<(r=parseInt(t.value,10))?r=1e3:~~r<200&&(r=200),s.height=r):\"link\"===t.message&&(r=new URL(s.getAttribute(\"src\")),n=new URL(t.value),c.test(n.protocol))&&n.host===r.host&&l.activeElement===s&&(d.top.location.href=t.value))}},d.addEventListener(\"message\",d.wp.receiveEmbedMessage,!1),l.addEventListener(\"DOMContentLoaded\",function(){for(var e,t,s=l.querySelectorAll(\"iframe.wp-embedded-content\"),r=0;r<s.length;r++)(t=(e=s[r]).getAttribute(\"data-secret\"))||(t=Math.random().toString(36).substring(2,12),e.src+=\"#?secret=\"+t,e.setAttribute(\"data-secret\",t)),e.contentWindow.postMessage({message:\"ready\",secret:t},\"*\")},!1)))}(window,document);\n\/* ]]> *\/\n<\/script>\n","thumbnail_url":"https:\/\/academiacatolica.com\/wp-content\/uploads\/2024\/03\/Academia-catolica-clases-de-diseno-web-1024x614.png","thumbnail_width":1024,"thumbnail_height":614,"description":"Queridos amigos: En tiempos de Cuaresma me limitar\u00e9 solo a mis catequesis de los domingos (en ingl\u00e9s) y los lunes (en espa\u00f1ol). Si el tiempo me lo permite, aprovechar\u00e9 para rezar el rosario con ustedes los mi\u00e9rcoles. Para m\u00ed dejar las redes sociales no es penitencia, porque la verdad es que no me cuesta nada [&hellip;]"}

academiacatolica.com | Hacia la contemplación de la verdad

Breve reflexión sobre miércoles de ceniza 2024 - academiacatolica.com | Hacia la contemplación de la verdad

<blockquote class="wp-embedded-content" data-secret="ZQ64Rd3zsg"><a href="https://academiacatolica.com/index.php/2024/03/07/breve-reflexion-sobre-miercoles-de-ceniza-2024/">Breve reflexión sobre miércoles de ceniza 2024</a></blockquote><iframe sandbox="allow-scripts" security="restricted" src="https://academiacatolica.com/index.php/2024/03/07/breve-reflexion-sobre-miercoles-de-ceniza-2024/embed/#?secret=ZQ64Rd3zsg" width="600" height="338" title="«Breve reflexión sobre miércoles de ceniza 2024» — academiacatolica.com | Hacia la contemplación de la verdad" data-secret="ZQ64Rd3zsg" frameborder="0" marginwidth="0" marginheight="0" scrolling="no" class="wp-embedded-content"></iframe><script type="text/javascript">
/* <![CDATA[ */
/*! This file is auto-generated */
!function(d,l){"use strict";l.querySelector&&d.addEventListener&&"undefined"!=typeof URL&&(d.wp=d.wp||{},d.wp.receiveEmbedMessage||(d.wp.receiveEmbedMessage=function(e){var t=e.data;if((t||t.secret||t.message||t.value)&&!/[^a-zA-Z0-9]/.test(t.secret)){for(var s,r,n,a=l.querySelectorAll('iframe[data-secret="'+t.secret+'"]'),o=l.querySelectorAll('blockquote[data-secret="'+t.secret+'"]'),c=new RegExp("^https?:$","i"),i=0;i<o.length;i++)o[i].style.display="none";for(i=0;i<a.length;i++)s=a[i],e.source===s.contentWindow&&(s.removeAttribute("style"),"height"===t.message?(1e3<(r=parseInt(t.value,10))?r=1e3:~~r<200&&(r=200),s.height=r):"link"===t.message&&(r=new URL(s.getAttribute("src")),n=new URL(t.value),c.test(n.protocol))&&n.host===r.host&&l.activeElement===s&&(d.top.location.href=t.value))}},d.addEventListener("message",d.wp.receiveEmbedMessage,!1),l.addEventListener("DOMContentLoaded",function(){for(var e,t,s=l.querySelectorAll("iframe.wp-embedded-content"),r=0;r<s.length;r++)(t=(e=s[r]).getAttribute("data-secret"))||(t=Math.random().toString(36).substring(2,12),e.src+="#?secret="+t,e.setAttribute("data-secret",t)),e.contentWindow.postMessage({message:"ready",secret:t},"*")},!1)))}(window,document);
/* ]]> */
</script>

Queridos amigos: En tiempos de Cuaresma me limitaré solo a mis catequesis de los domingos (en inglés) y los lunes (en español). Si el tiempo me lo permite, aprovecharé para rezar el rosario con ustedes los miércoles. Para mí dejar las redes sociales no es penitencia, porque la verdad es que no me cuesta nada [&hellip;]
