{"version":"1.0","provider_name":"academiacatolica.com | Hacia la contemplaci\u00f3n de la verdad","provider_url":"https:\/\/academiacatolica.com","author_name":"academiacatolica.com","author_url":"https:\/\/academiacatolica.com\/index.php\/author\/academiacatolica-com\/","title":"Coraza de San Patricio - academiacatolica.com | Hacia la contemplaci\u00f3n de la verdad","type":"rich","width":600,"height":338,"html":"<blockquote class=\"wp-embedded-content\" data-secret=\"PZyQvvrpXv\"><a href=\"https:\/\/academiacatolica.com\/index.php\/2025\/02\/05\/coraza-de-san-patricio\/\">Coraza de San Patricio<\/a><\/blockquote><iframe sandbox=\"allow-scripts\" security=\"restricted\" src=\"https:\/\/academiacatolica.com\/index.php\/2025\/02\/05\/coraza-de-san-patricio\/embed\/#?secret=PZyQvvrpXv\" width=\"600\" height=\"338\" title=\"\u00abCoraza de San Patricio\u00bb \u2014 academiacatolica.com | Hacia la contemplaci\u00f3n de la verdad\" data-secret=\"PZyQvvrpXv\" frameborder=\"0\" marginwidth=\"0\" marginheight=\"0\" scrolling=\"no\" class=\"wp-embedded-content\"><\/iframe><script type=\"text\/javascript\">\n\/* <![CDATA[ *\/\n\/*! This file is auto-generated *\/\n!function(d,l){\"use strict\";l.querySelector&&d.addEventListener&&\"undefined\"!=typeof URL&&(d.wp=d.wp||{},d.wp.receiveEmbedMessage||(d.wp.receiveEmbedMessage=function(e){var t=e.data;if((t||t.secret||t.message||t.value)&&!\/[^a-zA-Z0-9]\/.test(t.secret)){for(var s,r,n,a=l.querySelectorAll('iframe[data-secret=\"'+t.secret+'\"]'),o=l.querySelectorAll('blockquote[data-secret=\"'+t.secret+'\"]'),c=new RegExp(\"^https?:$\",\"i\"),i=0;i<o.length;i++)o[i].style.display=\"none\";for(i=0;i<a.length;i++)s=a[i],e.source===s.contentWindow&&(s.removeAttribute(\"style\"),\"height\"===t.message?(1e3<(r=parseInt(t.value,10))?r=1e3:~~r<200&&(r=200),s.height=r):\"link\"===t.message&&(r=new URL(s.getAttribute(\"src\")),n=new URL(t.value),c.test(n.protocol))&&n.host===r.host&&l.activeElement===s&&(d.top.location.href=t.value))}},d.addEventListener(\"message\",d.wp.receiveEmbedMessage,!1),l.addEventListener(\"DOMContentLoaded\",function(){for(var e,t,s=l.querySelectorAll(\"iframe.wp-embedded-content\"),r=0;r<s.length;r++)(t=(e=s[r]).getAttribute(\"data-secret\"))||(t=Math.random().toString(36).substring(2,12),e.src+=\"#?secret=\"+t,e.setAttribute(\"data-secret\",t)),e.contentWindow.postMessage({message:\"ready\",secret:t},\"*\")},!1)))}(window,document);\n\/* ]]> *\/\n<\/script>\n","description":"Me levanto hoyPor medio de poderosa fuerza,la invocaci\u00f3n de la Trinidad,Por medio de creer en sus Tres Personas,Por medio de confesar la Unidad,Del Creador de la Creaci\u00f3n. Me levanto hoyPor medio de la fuerza del nacimiento de Cristo y su bautismo,Por medio de la fuerza de Su crucifixi\u00f3n y su sepulcro,Por medio de la fuerza [&hellip;]"}

academiacatolica.com | Hacia la contemplación de la verdad

Coraza de San Patricio - academiacatolica.com | Hacia la contemplación de la verdad

<blockquote class="wp-embedded-content" data-secret="PZyQvvrpXv"><a href="https://academiacatolica.com/index.php/2025/02/05/coraza-de-san-patricio/">Coraza de San Patricio</a></blockquote><iframe sandbox="allow-scripts" security="restricted" src="https://academiacatolica.com/index.php/2025/02/05/coraza-de-san-patricio/embed/#?secret=PZyQvvrpXv" width="600" height="338" title="«Coraza de San Patricio» — academiacatolica.com | Hacia la contemplación de la verdad" data-secret="PZyQvvrpXv" frameborder="0" marginwidth="0" marginheight="0" scrolling="no" class="wp-embedded-content"></iframe><script type="text/javascript">
/* <![CDATA[ */
/*! This file is auto-generated */
!function(d,l){"use strict";l.querySelector&&d.addEventListener&&"undefined"!=typeof URL&&(d.wp=d.wp||{},d.wp.receiveEmbedMessage||(d.wp.receiveEmbedMessage=function(e){var t=e.data;if((t||t.secret||t.message||t.value)&&!/[^a-zA-Z0-9]/.test(t.secret)){for(var s,r,n,a=l.querySelectorAll('iframe[data-secret="'+t.secret+'"]'),o=l.querySelectorAll('blockquote[data-secret="'+t.secret+'"]'),c=new RegExp("^https?:$","i"),i=0;i<o.length;i++)o[i].style.display="none";for(i=0;i<a.length;i++)s=a[i],e.source===s.contentWindow&&(s.removeAttribute("style"),"height"===t.message?(1e3<(r=parseInt(t.value,10))?r=1e3:~~r<200&&(r=200),s.height=r):"link"===t.message&&(r=new URL(s.getAttribute("src")),n=new URL(t.value),c.test(n.protocol))&&n.host===r.host&&l.activeElement===s&&(d.top.location.href=t.value))}},d.addEventListener("message",d.wp.receiveEmbedMessage,!1),l.addEventListener("DOMContentLoaded",function(){for(var e,t,s=l.querySelectorAll("iframe.wp-embedded-content"),r=0;r<s.length;r++)(t=(e=s[r]).getAttribute("data-secret"))||(t=Math.random().toString(36).substring(2,12),e.src+="#?secret="+t,e.setAttribute("data-secret",t)),e.contentWindow.postMessage({message:"ready",secret:t},"*")},!1)))}(window,document);
/* ]]> */
</script>

Me levanto hoyPor medio de poderosa fuerza,la invocación de la Trinidad,Por medio de creer en sus Tres Personas,Por medio de confesar la Unidad,Del Creador de la Creación. Me levanto hoyPor medio de la fuerza del nacimiento de Cristo y su bautismo,Por medio de la fuerza de Su crucifixión y su sepulcro,Por medio de la fuerza [&hellip;]
